6*g - 47, 5*s = -g + 187. Let w = 38 - s. Suppose -44*x + 40*x + 472 = w. What are the prime factors of x?
2, 59
Suppose 3*m + 4*r - 4333 = 1842, -6*r - 10355 = -5*m. List the prime factors of m.
5, 7, 59
Let x = -7473 + 25724. List the prime factors of x.
18251
Let u = 21 + -76. Let i = u - -98. Suppose 13*n - i = 12*n. What are the prime factors of n?
43
Suppose -i = 9*i - 70. Suppose -i = -3*m + 20. Let u(y) = y**3 - 9*y**2 + 2*y - 13. List the prime factors of u(m).
5
Suppose 0 = -3*q + 4*v - 156, 4*v = 7*v. Let c(l) = 4*l**2 - 5*l + 9. Let n be c(5). Let p = q + n. What are the prime factors of p?
2
Let c = -121 + 394. Suppose -21 = -6*u + c. List the prime factors of u.
7
What are the prime factors of (((-6)/4)/((-75)/(-60)))/(5/(-32525))?
2, 3, 1301
Suppose 0 = -180*v + 235*v - 477290. List the prime factors of v.
2, 4339
Suppose 5*p = 3*r + 103, 3*p + 22 = -r + 81. Let z = p + -36. List the prime factors of (-314)/(-3)*(-24)/z.
157
Let q(x) = 2*x**2 + 11*x + 7. Suppose 0 = -t + 20 - 25. Let r be q(t). Suppose -119 = -r*s + 147. List the prime factors of s.
7, 19
Suppose 118311 = 68014*p - 68011*p. What are the prime factors of p?
113, 349
Suppose -657 + 2137 = -10*n. List the prime factors of -3 - (n/2)/1.
71
What are the prime factors of ((-1)/(6/(-20)))/((52/(-14376))/(-13))?
2, 5, 599
Let h = -32364 + 55898. What are the prime factors of h?
2, 7, 41
Let q = 129 - 129. Suppose 7*d - 789 - 548 = q. Let t = 272 - d. List the prime factors of t.
3
Let d(j) = -j**3 + 31*j**2 - 51 - 15 - 20*j - 48*j**2. What are the prime factors of d(-17)?
2, 137
Let c be 9*-7*12/(-126). Suppose -11*t - 3*q = -c*t - 4005, 5*q - 779 = -t. List the prime factors of t.
2, 3, 67
Let t(c) = -4*c**3 - 31*c**2 + c + 1238. List the prime factors of t(-22).
2, 19, 379
Let b = 30504 - 15756. List the prime factors of b.
2, 3, 1229
Let c be -11*((-3)/(-3) + 10). Let k = -1015 + 783. Let u = c - k. What are the prime factors of u?
3, 37
Let v(n) = 970*n**2 - 504*n - 17. What are the prime factors of v(7)?
5, 19, 463
Let k(x) = -973*x + 8. Let b be k(-7). List the prime factors of (-11)/((-66)/b) - (-2)/(-4).
2, 71
Let j(v) = 12*v - 7. Let s(h) = 11*h - 6. Suppose -b + 8 = -4*i, 4*b + 9 + 10 = -i. Let g(r) = i*s(r) + 2*j(r). List the prime factors of g(-8).
2, 19
Let u be 5*1 - (-6 + (3 - -5)). Suppose 5*y - 172 = -u*v, 0 = -2*y - 3*v + 26 + 41. Suppose -179 = -2*k - y. What are the prime factors of k?
2, 3
Suppose -166*h = -167*h + 4*m + 12635, 0 = 5*h + 4*m - 63127. List the prime factors of h.
3, 23, 61
Let r(y) be the second derivative of -3/2*y**3 + 2/3*y**4 + 0 + 31/2*y**2 + 41*y. List the prime factors of r(4).
3, 41
Let p be (4 + -3)/(0 + 1/1627). Suppose 0 = 4*c + y - p, 0 = 3*c - 3*y - 2*y - 1249. What are the prime factors of c?
2, 3, 17
Let z = 66323 - 32494. What are the prime factors of z?
33829
Let p(i) = -2*i**3 + 296*i**2 - 559*i - 343. What are the prime factors of p(145)?
2, 2797
Let l(d) = -3*d**2 + 5*d + 927. Let p be l(0). Let t = -152 + p. List the prime factors of t.
5, 31
Let z(u) = 5314*u**2 - 491*u - 491. List the prime factors of z(-1).
2, 2657
Let h(k) = 2*k**2 + 10*k + 4. Let c(q) = -q - 16. Let m be c(-9). Let f(d) = d**2 + 8*d - 1. Let l be f(m). List the prime factors of h(l).
2, 13
Suppose 5*z - 60145 = -3*c, -2*c = -2*z - 2675 + 26749. List the prime factors of z.
2, 47
Let k(o) = 57*o**3 + 118*o**2 - 359*o + 3. What are the prime factors of k(3)?
3, 509
Let a(u) = u**2 - 15*u - 12. Let s be a(8). Let b = -68 - s. What are the prime factors of (-1 + b + 2 + 44)*1?
3, 5
Let v = -3510 + 5399. List the prime factors of v.
1889
Suppose 3*r = -m - 0*m - 56, -2*r + 113 = -3*m. Let b = m + 34. Let a(q) = 2*q**2 + 2*q - 15. What are the prime factors of a(b)?
3, 23
Let h(y) = 10094*y - 5956. What are the prime factors of h(7)?
2, 11, 17, 173
Suppose -4*j - 5*x + 0*x + 6 = 0, 5*j - 30 = 5*x. Suppose j*z = 2236 - 476. What are the prime factors of z?
2, 5, 11
Suppose -19624 = -16*c + 5432. Let p = -642 + c. What are the prime factors of p?
2, 3, 7, 11
Suppose 0 = 5*r + 106 + 89. Let m = r - -11. List the prime factors of (-2288)/m + 0 + (-2)/(-7).
2, 41
List the prime factors of 13780 - (-42 + 6)*4/(-18).
2, 11, 313
Suppose -16*u + 62 = -82. Let v(t) = -t**3 + 10*t**2 + 4*t + 2. List the prime factors of v(u).
7, 17
Let w = -65 - -39. Let h be -2*1*1157/w. Let g = h - 61. List the prime factors of g.
2, 7
Suppose 8*v = -5*v - 624. List the prime factors of 209 - (0/2 - v/(-8)).
5, 43
Suppose -5*t - 4*h = h + 300, -8 = 2*h. Let r be (-2)/6 - t/24. Suppose -r*n + 4*f + 124 = -0*n, 4*n + 5*f - 261 = 0. List the prime factors of n.
2
Suppose -1713819 = 7444*w - 7551*w. List the prime factors of w.
3, 19, 281
Let y(f) = -2*f - 93. Let u(w) = -6*w - 278. Let k = -6 - -17. Let i(x) = k*y(x) - 4*u(x). List the prime factors of i(0).
89
List the prime factors of (-95)/30*-3*634.
19, 317
Let h(r) = -9 + 9 + 6*r**2 + 17 + 7 - 7*r**2. What are the prime factors of h(-4)?
2
Suppose -3*u + 18 = -27. Let r(j) = -16*j**2 + u*j**2 - 22*j - 31 + 0*j. What are the prime factors of r(-20)?
3
Let f(i) be the third derivative of -i**5/60 - 19*i**4/24 + 3*i**3/2 - 10*i**2 - 5*i. List the prime factors of f(-15).
3, 23
Suppose 0 = 5*d + 4*k - 130, 5*d = -3*k + 25 + 105. Let g = -17 + d. List the prime factors of (-1)/(-6)*9*174/g.
29
Let h = -233 + 241. Suppose -3613 = h*k - 16077. List the prime factors of k.
2, 19, 41
Let c(u) = 3*u**2 + 5*u + 14. Let a = -26 - -19. What are the prime factors of c(a)?
2, 3, 7
Let h(j) = j - 3. Let i(p) = -59*p**3 - p**2 + p. Let m be i(1). Let c = m - -77. List the prime factors of h(c).
3, 5
Let p(k) be the second derivative of 69*k**4/4 - k**3/6 + k**2/2 + 11*k. Let i be p(1). Let a = i + -90. What are the prime factors of a?
3, 13
Suppose 1 = 3*d - 5. Suppose -l + 2*a - 1212 = -5*l, d*l - 594 = -4*a. Let n = -111 + l. What are the prime factors of n?
2, 97
Suppose -d + 3*t = 3*d + 715, -2*d + 4*t = 360. Let j = 373 + d. List the prime factors of j.
3, 5, 13
What are the prime factors of -11*16/528 + (-154082)/(-6)?
2, 3, 5, 107
Suppose z - 2336 = 3*y, 0 = z + y + 166 - 2526. What are the prime factors of z?
2, 11, 107
Let n(r) = 678*r + 6387. What are the prime factors of n(89)?
3, 13, 29, 59
Let j be (-248*(-7)/(-14))/(-1). Let a = j - 119. List the prime factors of a.
5
Let u(j) = -j**3 - 7*j**2 - 4*j + 15. Let q be u(-8). Let c = q + 273. What are the prime factors of c?
2, 3
Let j = -69 - -108. Suppose 42*q - 2283 = j*q. What are the prime factors of q?
761
Let v = -4838 + 8437. Let a = -2414 + v. What are the prime factors of a?
3, 5, 79
Suppose -7*g - 893 = -2*i - 4*g, 3*i = -g + 1334. Suppose -2*h + 774 = 3*s, 1147 = 4*h - 5*s - i. What are the prime factors of h?
3, 131
Let o(z) be the third derivative of z**5/12 + 3*z**4/8 - 25*z**3/6 + 2*z**2 + 40. What are the prime factors of o(4)?
7, 13
Suppose -12*p + 477 = -123. Suppose -36*y + p*y = 7266. What are the prime factors of y?
3, 173
Let g(a) = -9*a**3 + 2*a**2 - 40*a + 20. Let m(z) = 2*z**3 + z**2 + z. Let c(w) = g(w) + 5*m(w). List the prime factors of c(-8).
2, 59
Let v(k) = 17*k - 49. Suppose 8*d - 8 = 8. Suppose 36 = 3*m - d*i, 2*m + 0*m - 24 = -2*i. List the prime factors of v(m).
5, 31
List the prime factors of -19 - 234156/(-24) - 7/2.
2, 31, 157
Let q = 26 + -23. Let f = 25 - -50. What are the prime factors of 125*q/(f/20)?
2, 5
Suppose y + 10 = 15. Suppose -19 + y = -7*s. What are the prime factors of (-366)/(-3) - s*2/4?
11
Let s be 0 - (2 + -4 + 2 - -331). Let y = s - -574. What are the prime factors of y?
3
Suppose -3*v + 2*c - 318 = 0, 35 = -5*v - 2*c - 495. Let f = v + 147. What are the prime factors of f?
41
Let x = -3757 - -4643. What are the prime factors of x?
2, 443
Suppose 2677019 = 46*j - 1161957. What are the prime factors of j?
2, 163
Suppose 2*f + 22*f - 745839 = 168849. What are the prime factors of f?
2, 3, 397
Let v = -39699 + 56705. List the prime factors of v.
2, 11, 773
Suppose 0 = -2*g + 3*g - 605. Let y = g - 289. What are the prime factors of y?
2, 79
Suppose 4*d + 19325 = 6*d - 5*x, 0 = 3*d + 4*x - 28930. List the prime factors of d.
2, 5, 193
Let c be -2 + 2/1*(-1 + 2). List the prime factors of c + 162/1 + 117/39.
3, 5, 11
Let